3
Suppose 83 + 127 = 6*y. What is the highest common factor of y and 7?
7
Suppose -109 = -3*y - 28. What is the highest common divisor of y and 3?
3
Let x = 31 - 30. Calculate the greatest common factor of 2 and x.
1
Suppose -15 = -v + 3*q, 3*v - 2*q + q = 77. What is the highest common factor of v and 6?
3
Suppose -284 = -3*h + 2*r, 5*r + 192 = 2*h + 3*r. Let o be (-1)/(-2 - -3)*-23. What is the highest common divisor of o and h?
23
Let x(k) = -k**2 + 10*k + 3. Let a be x(10). Let u = 14 - a. Calculate the highest common divisor of 110 and u.
11
Suppose -g - 15 = 4*g. Let h = g + 5. What is the highest common divisor of 8 and h?
2
Suppose -5*l = -25, -z - l = -6 - 5. What is the highest common divisor of z and 42?
6
Suppose 0 = -5*u + u - 3*j + 14, -8 = -3*u - j. Suppose 4*o = u*o + 18. What is the greatest common divisor of 45 and o?
9
Let r = 4 - -8. Suppose z + 2*z = 36. Let m = z - 6. What is the greatest common divisor of r and m?
6
Suppose -2*z + 2*p = -26, 5*z - p = p + 68. Let y = 230 - 118. What is the highest common divisor of y and z?
14
Let h = -16 - -20. Let s = h - -6. What is the highest common divisor of s and 80?
10
Suppose 0 = j + j - 48. Suppose 24 = -4*c - 28. Let l(u) = u**2 + 14*u + 16. Let z be l(c). Calculate the greatest common divisor of z and j.
3
Let w be -2*(-3)/((-6)/(-275)). Let r = w - 156. What is the highest common divisor of r and 17?
17
Let z(l) = 135*l**2 - l. Suppose -11 = -5*i + 4*a, -2*i + 2*a - 3*a - 6 = 0. Let y be z(i). What is the highest common factor of 17 and y?
17
Let u(c) = c**2 + 4*c + 3. Let n be u(-9). Calculate the greatest common divisor of n and 6.
6
Suppose -4*w + 10 = -22. Calculate the highest common factor of w and 12.
4
Let i(j) = j - 2. Let f be i(-6). Let x = -6 - f. Suppose -2*r - 4*g + 42 = -g, -5*r - g = -92. Calculate the greatest common divisor of r and x.
2
Let g = -4 - -3. Let a be 2 + g - -1 - 5. Let s be 6*a/18*-8. Calculate the highest common divisor of 32 and s.
8
Let c(l) = l**2 + 9*l + 10. Let q be c(-8). Suppose -37 = -h - 7*o + q*o, -2*o + 28 = h. Calculate the greatest common divisor of 2 and h.
2
Let p(z) = z**3 + 2*z**2 - 7. Let s be p(3). Let g = 73 - 16. What is the greatest common factor of s and g?
19
Suppose h + h = 24. Calculate the highest common divisor of h and 84.
12
Let r = 29 - 18. Let b be 2 - (0 + 1 - 264). Let s = -188 + b. What is the highest common factor of s and r?
11
Let a be (-3)/(((-1)/2)/(3/6)). Suppose 0*i + 2*i = 30. What is the highest common factor of i and a?
3
Let m be ((-4)/(-6))/(5/(2565/6)). Calculate the greatest common divisor of m and 38.
19
Let g be 9/(-2)*(-2)/(-3). Let c be -1 + 10/((-3)/g). What is the highest common divisor of c and 3?
3
Suppose t + f = -0*f - 3, 5*t = 3*f + 9. Suppose -5*s + 3 + 2 = t. Calculate the greatest common divisor of s and 5.
1
Let d(f) = 12*f**2 - 1. Let r be (-1*1)/(-1 - -2). Let h be d(r). Calculate the greatest common factor of h and 22.
11
Suppose 0 = 5*j - 4*j. Suppose 0*d - 3*d + 21 = j. Calculate the greatest common factor of 28 and d.
7
Suppose 2*l + 3*h + 3 = 0, 5 = 2*l + 3*l - 5*h. Let t be (1 + l)/(-1)*-66. Calculate the greatest common divisor of 44 and t.
22
Suppose 8 + 4 = 2*r. Let p(g) = 2*g**2 - 2. Let n be p(r). Calculate the highest common divisor of n and 7.
7
Suppose 5*k = 4*n + 3, -2*k + k + n = 0. Let v be (-136)/(-3) - 1/k. Suppose 5*f - f - 20 = 0. What is the greatest common divisor of v and f?
5
Suppose w - 5*h + 5 = -h, -3*h + 9 = 0. What is the highest common divisor of w and 21?
7
Let c = 25 + -25. Let v be (1 - c)/((-2)/(-26)). Calculate the highest common divisor of v and 26.
13
Suppose -j + p = -270, j + 2*p = -3*j + 1080. Calculate the highest common divisor of 108 and j.
54
Let s = -19 + 39. Let r(k) = -3*k - 4. Let u be r(-4). Calculate the highest common divisor of u and s.
4
Let i = 173 - 5. Suppose -2*t - i = 5*k, 13 + 92 = -3*k + 3*t. Let d = -21 - k. What is the greatest common divisor of 117 and d?
13
Let u(s) = s + 4. Let f be u(0). Suppose f*p + 5*t - 342 = 0, -2*p = -4*t - 169 - 15. What is the greatest common divisor of p and 8?
8
Suppose 3*j - 7 = 8. Let h be 16/j*(-10)/(-4). What is the highest common factor of 40 and h?
8
Suppose -4*f = -13 - 3. Suppose 0 = f*m - n - 185, m = 3*m - n - 95. What is the highest common factor of 18 and m?
9
Let b(k) = 2*k**2 - 5*k + 10. Let p be b(4). What is the highest common divisor of 44 and p?
22
Let z(k) = 20*k**2 + 7*k + 3. Let q be z(-1). Let p(f) = f**2 - f + 48. Let n be p(0). Calculate the highest common divisor of q and n.
16
Let s = 450 + -261. Let m(x) = -x**3 - 4*x**2 - 6*x - 3. Let y be m(-4). What is the highest common factor of y and s?
21
Suppose 4*g + 4*x - 64 = 0, 0*g = g - 4*x - 36. Calculate the highest common divisor of g and 140.
20
Suppose -3*c - 198 = -14*c. What is the greatest common divisor of 90 and c?
18
Suppose -5*n = 4*d + 17, 5*d = n - 1 + 16. Suppose 4*s - d*s + 5*i - 27 = 0, i = 4*s - 43. Calculate the highest common factor of 1 and s.
1
Let g(d) = -3*d - 31. Let c be g(-14). Calculate the highest common factor of 77 and c.
11
Suppose -4*q + 387 = -221. Let i be -1*(-6)/(6/2). Let d be 312/16 - 1/i. What is the greatest common factor of d and q?
19
Let w(o) = 10*o - 6. Let d be w(7). What is the greatest common factor of 8 and d?
8
Suppose -2*q = -50 - 74. Suppose 0 = -5*x + 557 - q. What is the highest common factor of 9 and x?
9
Let n = -14 - -26. Let v be 12/(-42) + 340/14. What is the highest common factor of v and n?
12
Let j be 2*((-3 - -1) + 106). Suppose 0 = 2*l + 2*l - j. Suppose -3*m = f - 49, -3 - l = -5*m + 5*f. Calculate the highest common factor of m and 75.
15
Let o = 106 + -41. What is the greatest common factor of 13 and o?
13
Let n(y) = 5*y**2 + 5*y - 4. Let s be n(-4). Suppose 5*h - 395 = -5*v, -4*v - 5*h + 311 = -0*h. Calculate the greatest common factor of v and s.
28
Suppose -4*k + 18 - 2 = -5*h, -3*k - 2*h - 11 = 0. Let w be 0 + k - (-110)/2. What is the greatest common divisor of 18 and w?
18
Let c = 9 + 16. Let d = c + 16. Let p = 68 - d. What is the highest common factor of p and 18?
9
Suppose -3*b + 0*b = -36. Let s = 9 + -10. Let w be -6*s/(6/4). Calculate the greatest common divisor of w and b.
4
Let n = 75 + -51. Let a(s) = 27*s + 1. Let d be a(1). Let t = -12 + d. What is the highest common factor of t and n?
8
Let y(p) = 2*p - 2. Let b be y(4). Let j(f) = f**3 + 3*f**2 - 7*f - 5. Let u be j(-4). Let v = 35 + u. What is the highest common divisor of b and v?
6
Let t(s) = 3*s - 4. Let p be t(4). Let m be p/12 + 8/6. Suppose -3*z = -h - 51, m*h + 2 = 3*z - 46. What is the highest common factor of 198 and z?
18
Suppose 7*u = 15*u - 3000. What is the greatest common divisor of 15 and u?
15
Let z = 48 + -47. Suppose 2*n - 2 = -8. Let h be ((-1)/n)/((-2)/(-6)). Calculate the highest common divisor of h and z.
1
Suppose -5*b + 50 = 3*x, 6*b - 2*b - 32 = -4*x. Calculate the highest common divisor of 91 and b.
13
Suppose -w + 0 + 7 = 0. Calculate the highest common divisor of w and 77.
7
Let p be (-2*5/(-8))/((-54)/(-648)). What is the highest common factor of 120 and p?
15
Suppose -2*s + 0 + 2 = 4*v, v = -5*s + 32. Calculate the greatest common factor of s and 70.
7
Let m be ((-24)/(-15))/4 + (-84)/(-15). Calculate the greatest common factor of m and 24.
6
Let t = 31 - -53. Calculate the highest common factor of t and 12.
12
Let r = 118 + -63. What is the greatest common divisor of r and 11?
11
Suppose -4*x = -2*l + 44, 2*l = -2*l - 5*x + 114. Calculate the highest common factor of 26 and l.
26
Suppose -10*a = 17 - 77. What is the greatest common factor of 54 and a?
6
Suppose -2*y + 0*z + 10 = z, -5*z + 35 = 5*y. Let u be -18*y/(1 + -7). Let l(n) = 2*n**2 - 9*n. Let t be l(6). Calculate the highest common factor of t and u.
9
Suppose -5*c = -3*c - 6. Suppose -3 = c*j, n - 16 + 3 = j. Suppose -4*k - k + 150 = 0. What is the highest common factor of n and k?
6
Let g be (-58)/(-6) - 2/(-6). Let q(m) = m**2 + 5*m + 2. Let j be q(-5). Calculate the greatest common factor of g and j.
2
Suppose -30 = -d - d. Let q(o) = -4*o + 102. Let b(u) = -11*u + 307. Let t(i) = 3*b(i) - 8*q(i). Let g be t(0). What is the highest common divisor of d and g?
15
Suppose -4*h - 2*